mainder when 4679 is divided by 274.
21
Calculate the remainder when 4042 is divided by 776.
162
What is the remainder when 741446 is divided by 60?
26
Calculate the remainder when 43783 is divided by 17.
8
Calculate the remainder when 78106 is divided by 217.
203
What is the remainder when 80165 is divided by 4219?
4
Calculate the remainder when 9966 is divided by 9933.
33
Calculate the remainder when 2204 is divided by 2195.
9
What is the remainder when 7526 is divided by 636?
530
Calculate the remainder when 178210 is divided by 17821.
0
Calculate the remainder when 2762 is divided by 98.
18
Calculate the remainder when 18095 is divided by 156.
155
Calculate the remainder when 317 is divided by 86.
59
What is the remainder when 7528 is divided by 6857?
671
What is the remainder when 2073 is divided by 2073?
0
What is the remainder when 33008 is divided by 4?
0
Calculate the remainder when 31399 is divided by 28.
11
What is the remainder when 3979 is divided by 598?
391
Calculate the remainder when 2498 is divided by 70.
48
What is the remainder when 2088 is divided by 23?
18
Calculate the remainder when 466 is divided by 457.
9
What is the remainder when 132899 is divided by 835?
134
Calculate the remainder when 47588 is divided by 273.
86
Calculate the remainder when 1014 is divided by 28.
6
Calculate the remainder when 9841 is divided by 79.
45
Calculate the remainder when 885 is divided by 147.
3
What is the remainder when 1088 is divided by 261?
44
Calculate the remainder when 22878 is divided by 440.
438
Calculate the remainder when 5116 is divided by 1656.
148
Calculate the remainder when 22628 is divided by 403.
60
What is the remainder when 9977 is divided by 158?
23
Calculate the remainder when 1664 is divided by 232.
40
Calculate the remainder when 148717 is divided by 40.
37
What is the remainder when 108080 is divided by 26986?
136
Calculate the remainder when 29049 is divided by 283.
183
Calculate the remainder when 1326 is divided by 738.
588
What is the remainder when 255663 is divided by 121?
111
Calculate the remainder when 78363 is divided by 11.
10
Calculate the remainder when 223 is divided by 71.
10
What is the remainder when 3049 is divided by 28?
25
Calculate the remainder when 49014 is divided by 24505.
4
Calculate the remainder when 59612 is divided by 115.
42
Calculate the remainder when 40136 is divided by 2.
0
What is the remainder when 1191992 is divided by 881?
880
What is the remainder when 52693 is divided by 26346?
1
Calculate the remainder when 20045 is divided by 776.
645
Calculate the remainder when 1908138 is divided by 82.
80
What is the remainder when 5147 is divided by 1692?
71
Calculate the remainder when 17871 is divided by 303.
297
Calculate the remainder when 795 is divided by 71.
14
What is the remainder when 1701 is divided by 841?
19
Calculate the remainder when 231176 is divided by 115584.
8
Calculate the remainder when 21656 is divided by 221.
219
What is the remainder when 915 is divided by 105?
75
Calculate the remainder when 23427 is divided by 2915.
107
Calculate the remainder when 5260 is divided by 587.
564
What is the remainder when 54653 is divided by 4198?
79
What is the remainder when 8579 is divided by 1424?
35
What is the remainder when 6154 is divided by 130?
44
What is the remainder when 11360 is divided by 13?
11
Calculate the remainder when 4587 is divided by 1319.
630
Calculate the remainder when 900411 is divided by 98.
85
What is the remainder when 17022 is divided by 112?
110
Calculate the remainder when 227915 is divided by 280.
275
What is the remainder when 6079 is divided by 572?
359
What is the remainder when 14953 is divided by 16?
9
What is the remainder when 1418 is divided by 57?
50
What is the remainder when 14806 is divided by 135?
91
Calculate the remainder when 24833 is divided by 54.
47
Calculate the remainder when 288 is divided by 197.
91
Calculate the remainder when 1390 is divided by 166.
62
Calculate the remainder when 1403 is divided by 62.
39
What is the remainder when 526222 is divided by 17?
4
Calculate the remainder when 94989 is divided by 558.
129
Calculate the remainder when 76445 is divided by 520.
5
What is the remainder when 816384 is divided by 204093?
12
What is the remainder when 2737 is divided by 559?
501
What is the remainder when 3906 is divided by 3787?
119
Calculate the remainder when 34785 is divided by 13.
10
What is the remainder when 1103987 is divided by 197?
196
Calculate the remainder when 960015 is divided by 320002.
9
Calculate the remainder when 521876 is divided by 302.
20
Calculate the remainder when 12365 is divided by 3040.
205
What is the remainder when 394 is divided by 358?
36
What is the remainder when 3160 is divided by 85?
15
What is the remainder when 16184 is divided by 164?
112
Calculate the remainder when 540 is divided by 49.
1
Calculate the remainder when 8497 is divided by 101.
13
Calculate the remainder when 1721 is divided by 172.
1
Calculate the remainder when 94857 is divided by 306.
303
Calculate the remainder when 3475 is divided by 216.
19
Calculate the remainder when 16812 is divided by 295.
292
Calculate the remainder when 87076 is divided by 1382.
10
What is the remainder when 174850 is divided by 10283?
39
What is the remainder when 15301 is divided by 4904?
589
Calculate the remainder when 12977 is divided by 382.
371
Calculate the remainder when 139552 is divided by 61.
45
What is the remainder when 344 is divided by 312?
32
Calculate the remainder when 1849 is divided by 918.
13
Calculate the remainder when 52960 is divided by 68.
56
Calculate the remainder when 6177 is divided by 1061.
872
What is the remainder when 5177 is divided by 1090?
817
What is the remainder when 2071 is divided by 1090?
981
Calculate the remainder when 3074 is divided by 995.
89
What is the remainder when 17586 is divided by 2510?
16
Calculate the remainder when 2481245 is divided by 14.
11
Calculate the remainder when 20801 is divided by 33.
11
Calculate the remainder when 2073435 is divided by 484.
463
Calculate the remainder when 19917 is divided by 131.
5
Calculate the remainder when 2073352 is divided by 51.
49
Calculate the remainder when 2561 is divided by 198.
185
Calculate the remainder when 2559592 is divided by 223.
221
Calculate the remainder when 6240 is divided by 141.
36
What is the remainder when 88158 is divided by 1260?
1218
Calculate the remainder when 1144476 is divided by 219.
201
What is the remainder when 48271 is divided by 431?
430
What is the remainder when 45891 is divided by 322?
167
What is the remainder when 1735840 is divided by 22?
18
What is the remainder when 10112 is divided by 925?
862
What is the remainder when 2589 is divided by 539?
433
What is the remainder when 238779 is divided by 1121?
6
Calculate the remainder when 1234 is divided by 156.
142
What is the remainder when 12249 is divided by 215?
209
Calculate the remainder when 4143 is divided by 255.
63
Calculate the remainder when 14354 is divided by 490.
144
Calculate the remainder when 20549 is divided by 3421.
23
Calculate the remainder when 377955 is divided by 22.
17
What is the remainder when 664543 is divided by 21?
19
What is the remainder when 62185 is divided by 148?
25
Calculate the remainder when 13992 is divided by 18.
6
Calculate the remainder when 485313 is divided by 549.
546
What is the remainder when 4724 is divided by 1341?
701
What is the remainder when 9557 is divided by 46?
35
What is the remainder when 100836 is divided by 59?
5
Calculate the remainder when 154993 is divided by 223.
8
What is the remainder when 899 is divided by 2?
1
Calculate the remainder when 131231 is divided by 4374.
11
What is the remainder when 21817643 is divided by 31?
29
Calculate the remainder when 126290 is divided by 102.
14
What is the remainder when 1848 is divided by 908?
32
What is the remainder when 642 is divided by 108?
102
Calculate the remainder when 2180 is divided by 52.
48
Calculate the remainder when 169469 is divided by 70.
69
Calculate the remainder when 1777 is divided by 1769.
8
Calculate the remainder when 26063 is divided by 193.
8
Calculate the remainder when 515 is divided by 169.
8
What is the re